s of (-35)/6*-251 - (-27)/(-162)?
2, 3, 61
Let c be ((-152)/(-10))/(22/55). Let f = c - 34. What are the prime factors of f?
2
Suppose -4*p + 15*t + 4657 = 20*t, -2327 = -2*p - t. What are the prime factors of p?
1163
Let x be (-1)/(-5) - 978/(-10). Let v = x + -152. Let r = v - -97. What are the prime factors of r?
43
Let q = 55 - 18. Suppose q*c + 20 = 38*c. What are the prime factors of c?
2, 5
Let y(l) = -l + l - l + 17 - 6*l. What are the prime factors of y(-9)?
2, 5
Let t(a) = -a**2 + 4*a + 11. Let g(n) = n**3 - n**2 + n + 1. Let u be g(2). Let y be t(u). List the prime factors of ((-28)/y)/((-6)/(-30)).
2, 7
Let c(n) = -2*n**2 + 7*n + 233. What are the prime factors of c(0)?
233
Suppose 5*s - 146 = -36. Suppose -3*p + 266 = -s. What are the prime factors of p?
2, 3
Suppose -9*b = -8 + 188. List the prime factors of 141*((-32)/(-6) + b/5).
2, 47
Suppose 5*j - 1 = 39. Suppose 2*m - m - 2*c = 5, m - c = j. What are the prime factors of m?
11
Let v = 100 + 605. List the prime factors of v.
3, 5, 47
Let t be (-1 - -1)*(-2 + 3). Suppose t = 17*v - 22*v + 15. List the prime factors of v.
3
What are the prime factors of 1757223/345 + (-16)/(-10)?
5, 1019
Let q(j) be the second derivative of j**5/20 - j**4/4 + j**3 - j**2/2 + 3*j. What are the prime factors of q(5)?
79
Let g(j) = j**3 + 6*j**2 + 2*j - 14. Let p be g(-6). Let v = 94 + -34. Let x = v + p. What are the prime factors of x?
2, 17
Let q = -114 + 96. Suppose 0 = 2*j - j + 42. Let f = q - j. List the prime factors of f.
2, 3
Let t(m) = -88*m + 17. List the prime factors of t(-4).
3, 41
Let m = 242 + -120. Let w = m - 69. What are the prime factors of w?
53
Let p be 2 + -1 - 4 - -13. Let o(t) = -t**3 + 10*t**2 + 9*t - 9. Let u be o(p). Let s = u + -58. What are the prime factors of s?
23
Let j = 46 - 21. Suppose 5 + j = 5*n. List the prime factors of 2/(-4) - (-297)/n.
7
Let h = 934 - 69. List the prime factors of h.
5, 173
Suppose -23*u + 22*u = -31. What are the prime factors of u?
31
Let s = -24 + 26. Suppose -r = -5*r + 4, s*q - 3*r = 165. What are the prime factors of q?
2, 3, 7
Suppose -30210 = 25*m - 35*m. What are the prime factors of m?
3, 19, 53
Suppose -18*s + 22*s = 8. Suppose s*a + a - 60 = -4*d, -d = a - 20. List the prime factors of a.
2, 5
Let s(a) = -46*a**3 - 2*a**2 + 1. Let m = 3 + -4. Let t be s(m). Let z = t - 22. List the prime factors of z.
23
Suppose 0 = -5*a + 2*o + 25690, -8*a + 15433 = -5*a - 5*o. List the prime factors of a.
2, 3, 107
Let h be 3*3 - (9 - 5). Suppose -o - o = j - 199, 4*o = -h*j + 383. Let l = -53 + o. What are the prime factors of l?
7
Let l be (-2 + (-9)/(-4))*4 + 181. Let k = l - 109. List the prime factors of k.
73
Let o = -1277 - -1733. List the prime factors of o.
2, 3, 19
What are the prime factors of 89 - -1 - (-6 - -3)/(-3)?
89
Suppose -30*g = -34*g + 1552. What are the prime factors of g?
2, 97
Let u = -5 - -10. Suppose -c = -u*c. Suppose c = -l - 4*y + y - 5, l = 4*y + 23. What are the prime factors of l?
7
Let g(j) = -2*j + 4. Let y = -41 - -16. Let k = 18 + y. What are the prime factors of g(k)?
2, 3
What are the prime factors of ((-21229)/(-65))/(2*1/10)?
23, 71
Let h(u) = u**2 - 4*u + 3. Let q be h(5). Suppose -6 = c - 9. Let l = q + c. List the prime factors of l.
11
Let l be 12*(-2 + (-15)/(-10)). Let a(q) = -27*q - 12. List the prime factors of a(l).
2, 3, 5
Suppose -108 = 4*b - 16. Let f = -20 - b. Suppose 0 = f*j - 3*k - 189, 5*j + 134 = 2*k + 458. List the prime factors of j.
2, 3, 11
Let i = -25 + 46. Let j = -18 + i. List the prime factors of (35 + 7)*j/6.
3, 7
Let a(z) = 0*z**3 + 2*z**3 - 9*z**2 + 6 + 13*z - 3*z - z**3. What are the prime factors of a(8)?
2, 11
Suppose -5*j + 2048 = 2*i, -5*j + 619 + 1425 = i. List the prime factors of j.
2, 3, 17
What are the prime factors of ((-3)/(-2))/(4/(-3424)*-3)?
2, 107
Let v = -506 - -995. Suppose -l + 4*l = -3*m + v, -4*l - 806 = -5*m. What are the prime factors of m?
2, 3
Suppose -2*z - 604 + 1612 = -r, -3*z + 2*r = -1510. What are the prime factors of z?
2, 11, 23
Let w(c) = -3*c**2 + 9*c - 23. Let u be w(6). Let m = -45 - u. List the prime factors of m.
2
Let p = 119 - -85. List the prime factors of p.
2, 3, 17
Let q(p) = -11*p - 9*p**3 - 2 + 0*p**2 + 8*p**3 + 10*p**2. Let a be q(8). Let w = a + -10. List the prime factors of w.
2, 7
Let y be (-3)/3 - -4*2/2. Suppose -2*l + 100 = -4*q, -5*q - 147 = -y*l - 0*l. List the prime factors of l.
2, 11
What are the prime factors of 3/(-33) + (-1024)/(-11)?
3, 31
Let x(l) = 4*l + 65. Let d be x(-14). Suppose -d*u + 222 + 516 = 0. What are the prime factors of u?
2, 41
Let j(w) = 15*w**2 + 4*w - 6. Let k be j(-5). Suppose 4*t = -49 + k. What are the prime factors of t?
3, 5
List the prime factors of ((-68)/102)/((-4)/1914).
11, 29
Let t = -47 - -48. Let k(z) = 70*z**2 + z - 2. What are the prime factors of k(t)?
3, 23
Suppose -4*g + 9496 = -3*p, -5*p - 19 = 1. List the prime factors of g.
2371
List the prime factors of (-39092)/(-24) + (0 - 3/(-18)).
3, 181
Let m(g) = g + 1. Let w(u) = -5*u**2 - u - 5. Let b(s) = -5*m(s) - w(s). List the prime factors of b(3).
3, 11
Let w(z) = 2*z - 4. Let a be w(2). Suppose a = -3*n + 220 + 56. List the prime factors of n.
2, 23
Suppose 4*t = 3*a - 816, 2*a - t = 293 + 246. List the prime factors of a.
2, 67
Let p = 52 - 47. Suppose p*k - 388 = -33. List the prime factors of k.
71
Let j(c) = c**3 - 17*c**2 + 17*c - 12. Let v be j(16). Suppose -5*n + 297 = 2*u + u, -v*n - 2*u = -238. List the prime factors of n.
2, 3, 5
Suppose -q + 563 = -776. What are the prime factors of q?
13, 103
What are the prime factors of (-17323)/(-25) + 0 - 166/(-2075)?
3, 7, 11
Suppose 4*r - 93 = r. Let k be (-3)/15 - r/(-5). Suppose 7*u - 11 = k*u. What are the prime factors of u?
11
Suppose a = 2, 1357 = 4*h + 5*a - 1617. List the prime factors of h.
3, 13, 19
Let o(j) = j**3 + 8*j**2 - 10*j + 1. Let t be o(-9). Suppose 2*l - t = -0*l. Suppose l*m + 3*r = 210, 4*r = -m - 2*m + 137. What are the prime factors of m?
3, 13
Let m = -221 - -320. Let l = -134 - -87. Let j = m + l. List the prime factors of j.
2, 13
Let z be (-90)/7*14/(-3). What are the prime factors of (z/(-16))/(2/(-16))?
2, 3, 5
Let x(m) = -m**2 - 2*m + 1045. Let f be x(0). Suppose -3*b = 5*l - 1288 + 218, 2*b + f = 5*l. List the prime factors of l.
211
Suppose 0 = -f + 4*f + 18. Let d be (2/(-3))/((-1)/f). List the prime factors of (-1)/1 - (-11 + d).
2, 7
Let w(u) = 2*u**2 - 9*u + 18. Let x be w(4). Let m(f) = 5*f + 8. What are the prime factors of m(x)?
2, 3, 13
Suppose 0 = 3*u - 11 + 5. Let w be -2 - (u - 3) - -4. Suppose q - w*k = -3*q + 34, -q = k - 5. What are the prime factors of q?
7
Suppose -23*o - 2*p - 3201 = -24*o, 5*o = -2*p + 16065. List the prime factors of o.
13, 19
Let t(b) = 3*b + 23. Let o be t(-8). Let y = o - -2. Let h = 28 + y. What are the prime factors of h?
29
Let l(f) = f - 3*f + 3*f**3 + 1 + 3*f**2 - 2*f**2. Suppose 4*j - 10 = h, 6*h = 3*h + 2*j. What are the prime factors of l(h)?
5
Let o(t) = 2*t**2 - 30*t - 223. What are the prime factors of o(-18)?
5, 193
Let r = 133 + 4586. List the prime factors of (4/6)/(22/r).
11, 13
Suppose 10596 = 7*t - 2767. List the prime factors of t.
23, 83
Let x be -31*(1 - 3)/2. Let d be (-1)/(-1) - (-108)/(-1 + 3). Let a = d - x. What are the prime factors of a?
2, 3
Suppose 0 = 5*m - 27 + 2. Suppose -17*v = -m*v - 408. List the prime factors of v.
2, 17
Suppose 4*u - 5*b = -12, 0*b + 4*b = -u - 3. Let x(q) = -9*q + 4. List the prime factors of x(u).
31
Let v(b) = b**3 - b**2 + b + 8. Let x be v(0). Let i be (-1)/(-2)*x - 0. Suppose 0 = 4*l - 92 + i. What are the prime factors of l?
2, 11
What are the prime factors of (1 - 9516/(-28)) + 1/7?
11, 31
Let f(r) = 367*r + 11. List the prime factors of f(2).
5, 149
Suppose 3*v = -2*g + 2935, 4*v - 9*g = -7*g + 3932. What are the prime factors of v?
3, 109
Suppose 0 = -145*h + 151*h - 1362. List the prime factors of h.
227
Let b(w) = w**2 + 66. Let d be b(0). Suppose 189 = -3*j + 57. Let v = j + d. What are the prime factors of v?
2, 11
Let o(s) be the third derivative of s**4/8 + s**3/6 - 5*s**2. Let m be o(1). Let q(f) = -f**3 + 7*f**2 - 4*f - 3. What are the prime factors of q(m)?
29
Let z(r) = -2*r**2 - 14*r + 9. Let y be z(9). Let b = -124 - y